))?
48
Evaluate -5 - -3 - 2 - (-7 + 1) - (500 - 441).
-57
Calculate -65 + (88 - 30 - 49).
-56
What is the value of -14 - (84 + -199) - 246?
-145
Calculate 10504 + -10595 + (58 - -1).
-32
8 + 2 + -8 + -54 + -31
-83
Calculate 15 + 0 + (-1 + 1 - 1 - (-11 + 13)).
12
Calculate (-11 - (8 + -20 - -22)) + 35.
14
What is 7 + (-6 - 7) - (-9 - (14 + -78)) - -2?
-59
Calculate -14 - -4 - 25 - -42.
7
Calculate (1 - -1 - (-8 - (4 + -16))) + 1 + 53.
52
-14 - (-58 - (3 - (27 + 18 + -23)))
25
What is the value of 58 + -35 + -18 + 59?
64
Evaluate 32 - (-6 + 0 - (-350 + 354)).
42
What is 85 + (5 + (10 - 27) + (2 - -1) - -18)?
94
Evaluate 21 + (-52 - ((31 - 12) + -10)).
-40
Calculate -67 + 8 + (24 - -6).
-29
-52 + (-5 - -17) + 39
-1
What is the value of 6 + (38 - (1 + 6 + -15 - -20))?
32
(93 - 39 - 33) + -47
-26
What is -16 + -126 + 70 + 16?
-56
What is 155 - 54 - 25 - 87?
-11
Evaluate 2 + 3 + -85 + 2 - (-510 - -495).
-63
Evaluate 23 + -37 - ((-7 - ((3 - 1) + -7)) + 6).
-18
Evaluate (0 - 2) + 4 - ((-107 + 63 - 42) + -47).
135
(3 - 26 - -1) + 4 + 0 + -106
-124
What is the value of -4 + 1 - ((-237 - (-85 + 20)) + 51)?
118
Evaluate (114 - 81) + (-7 + 1 - -6) + -8.
25
Evaluate (-42 + 31 - -2) + (-8 - -9) + 9.
1
Calculate 67 - ((-23 - -2) + -47 + 90).
45
What is 10 - (-30 + 102 + -7 + 31)?
-86
What is -17 + (-8 - (-11 - -14 - -27))?
-55
3 + 11 + -2 - (-17 + 7 + 15 - -20)
-13
What is (43 - (-13 - -51)) + (2 + 2 - 6 - -13)?
16
Calculate 1 - (8 + -8) - (-24 - (-1 + (1 - -5))).
30
Evaluate 0 - (16 + 17 - 93).
60
What is the value of -25 + 0 - (-16 - 0 - (-685 + 683))?
-11
What is -16 + (114 + -109 - (0 - -10) - -26)?
5
Evaluate 96 + -28 - (218 + -208).
58
What is 164 - ((84 - 24) + -33 + 20)?
117
-27 + (117 + -10 - -35)
115
Calculate -2 + (-165 - -52 - (-1 - (5 + -5 - 0))).
-114
Calculate -54 + -10 + -47 + 149.
38
Calculate -125 + 31 - ((3 - 0) + 1 + -14 - -6).
-90
Calculate (-16 - 42) + 59 - -55.
56
Evaluate -139 - -81 - 1 - -64.
5
What is the value of 6369 - 6348 - (2 + 67)?
-48
What is (-71 - -63) + (-2 - -1) - (-7 + (-35 - -15))?
18
Calculate -4 + 6 + (-11 + 10 + 1 - 19).
-17
What is (-79 + -14 - (-31 + -7)) + (-3 - 0)?
-58
Evaluate 30 - (-85 + 12 - -192).
-89
What is -10 + -27 - (-189 + 128)?
24
What is the value of -56 + (-6 - (-19 + -19)) + 25?
1
Calculate 80 - -133 - 153 - (-1 - -24).
37
What is the value of 45 + -36 + -48 - 16?
-55
Calculate (-5 - (-71 + 4)) + 366 + -377.
51
Evaluate (34 - -101) + -28 + (-7 - -14).
114
What is the value of 39 + (95 - 118) + -9 + 25?
32
Evaluate (1 - -2) + ((-9 + 2 - 17) + -9 - 14).
-44
What is 15 - (32 + -2 + (1 - -1)) - -52?
35
What is the value of -58 - 3 - (313 - 319)?
-55
What is 2 + -12 + 0 + (-40 - -2 - 8) + 12?
-44
What is 78 + (-54 + 0 - (389 - 419))?
54
Evaluate -68 + 57 + (-1 - 11) + (2 - -3).
-18
What is 4 + -46 + 29 - (1 - (4 - 8))?
-18
What is -26 - (-28 - -53) - -10?
-41
(-18 - -11) + -6 - (-3 + -49 + -5)
44
Evaluate -31 + 43 + (-8 - 24) + 11.
-9
Calculate -16 - (-12 + 1 + -2) - (2 - 44).
39
Calculate -7 - -4 - 5 - (123 - 132) - 5.
-4
What is the value of -53 + 45 - (-56 - ((-7 - -4) + 7))?
52
Evaluate (-451 + 351 - (-21 + -4)) + 16.
-59
Calculate 23 + -109 + 17 + 115.
46
Evaluate (14 - 14) + (38 - 86 - -84).
36
Calculate (100 - (-18 - -96)) + -59 + 1.
-36
-1 - 14 - (61 - (-63 + 227 + -38))
50
Evaluate (2 - -8) + (-47 - -92) + -6 + 16.
65
Evaluate 14732 + -14841 - (-1 - 235).
127
What is 163 - 285 - (-48 + 2)?
-76
What is the value of 19 + (35 - 16) + 15?
53
Calculate 10 - (-13 - (0 - 151) - 19).
-109
-50 - (-44 - -26 - 5)
-27
What is the value of 4 - -1 - 0 - (48 - 50) - 34?
-27
-53 + 152 - 111 - -135
123
What is -37 + 23 - (-2 - (0 + (-1 - -3)))?
-10
-4 - (-46 - 0 - (-248 - -227))
21
What is 12 + -77 + -3 + 12 + 4 + 5 + -25?
-72
6 + -1 - ((-10 - (78 - 52)) + (3 - 4))
42
-64 - (-44 + 21 + -10)
-31
Evaluate -50 + (14 - (255 - 240 - (-4 + 7 + -2))).
-50
-31 - (-106 + 13 + 37)
25
Evaluate (35 - (19 - -19) - -9) + -82 + -1.
-77
What is 3 - (-1 + (32 - 9 - 7 - 4))?
-8
What is 12 + (6 - (12 - 11)) + (7 - 62)?
-38
Calculate 74 + -7 - (-30 + 86 + -29).
40
What is (-132 - -65 - -134) + -58?
9
Evaluate (-116 - -72) + 126 - 150.
-68
Evaluate (-5 + -40 - -15) + 0 + -13 + 11.
-32
What is 29 + 7 + 9 + -6 + -23?
16
Calculate 19 + -7 - (25 - (35 + -80)).
-58
Calculate 21 - ((19 + -24 - -3) + -16).
39
Calculate 67 + -27 + 96 + -36.
100
219 - (77 + 47) - 219
-124
What is the value of 23 + -89 + 59 + -83?
-90
6 + -24 + (-9 + 18 - 22)
-31
Calculate 3 + 6 - (11 - ((-4 - -39) + -2)).
31
What is the value of (-1 - (-1 - -5)) + -2292 + 2305 + -3?
5
Evaluate (-7 - 17) + -199 + 226 + (0 - 25).
-22
What is the value of 190 + -73 + -69 + -75?
-27
Evaluate 0 + -5 - (8 + -4 - (-48 - -40)).
-17
What is the value of -20 - (1 + 2) - (203 + -189)?
-37
Evaluate -2 + -136 - (-17 + 9 - -18).
-148
What is -133 + -15 + 8 - -72 - ((6 - 0) + 1)?
-75
What is (4 - -57) + (-677 + 672 - (-1 - 18 - -3))?
72
Evaluate 7 + 2 + (-16 - -6) + -10 + 30.
19
Evaluate 22 - 1 - ((102 - 35) + -91).
45
What is the value of 3 - (5 + 19 + -13) - (3 - (-10 - 3))?
-24
What is 2 + 37 - 10 - 0 - (4 - -1)?
24
What is -2 + 0 - 3 - (123 + -113)?
-15
What is -2 + 88 - (4950 - 4878)?
14
Calculate 88 - (68 + 26) - (1 - -5).
-12
What is (82 - 101) + (-5 - -9) + 23 - (49 + 0)?
-41
What is 7 - 6 - (-12 - -17) - -20?
16
What is 8 + (6 - (83 - (-20 - (20 + -42))))?
-67
-15 - (-20 - -16 - (-17 - (-20 - -10)))
-18
What is 56 + (13 + -5 + 9 - 12) - 10?
51
What is the value of (615 - 585 - (25 - 1)) + -2 + 0 + -56?
-52
9 + (-22 - (6 + (-17 - 2) - (-5 - 4)))
-9
What is the value of 2 - -1 - (-3 - 21 - (-36 + (53 - 3)))?
41
Calculate -89 - (84 + (-110 - -61)).
-124
What is the value of -1397 + 1353 - (-6 + -1)?
-37
Calculate 18 + -17 + -4 + -83 + (2 + -4 - -3).
-85
Calculate -74 + 106 - 2 - -30.
60
What is the value of -15 + 19 + 159 + -114?
49
What is 7 - ((-9 - 0 - (16 + -10 + -1)) + 77)?
-56
What is the value of (-51 - -34) + 16 + 25 + (-2 - (0 - 0))?
22
What is the value of (20 + -39 - 3) + 21 - 27?
-28
What is the value of -104 - (-20 + -5 + 27 + -14 - -11)?
-103
(-13 - -16 - (-4 + -7)) + -107 - (-15 + 1)
-79
What is the value of -9 - ((-74 - -81) + (2 - -2) - -6)?
-26
(-11 - -35) + -52 - -68
40
What is the value of -1 + 51 + -104 + 47?
-7
What is the value of 6 - (6 - 93 - -40)?
53
Calculate (-274 - -290) + (1 - (-1 + -5)).
23
What is -5 + 12 + 16 - (-20 + 5) - -6?
44
Calculate -20 - ((-44 - -81) + -18).
-39
(85 - (-60 - -28)) + -4 + 3 + -9
107
Calculate (-54 - (52 - 75)) + 33.
2
(-37 - (-30 + 14 + 10) - -18) + -1 + -43
-57
(19 - -6) + -30 + 2 + 90
87
Evaluate -7 + -43 + 50 + -43.
-43
Evaluate (-36 - 0) + -10 + (49 + -16 - (6 - -11)).
-30
(10 - -9 - 10 - 3) + -3 + 23
26
10 + (28 - 20) - 69 - (-3 - (2 + 1))
-45
Evaluate -15 + (-467 - -468 - (2 + 1 + 9 + -2)).
-24
What is (-283 - (-546 - -158)) + (-14 - -1) + (1 - 1)?
92
What is -64 + 51 + (-9 - 47 - 2)?
-71
Evaluate -1257 + 1186 + (3 - -3 - -1).
-64
Calculate -154 + (-36 - (-91 + 14)).
-113
What is (76 - 25) + -44 + -16?
-9
-26 + 24 + -3 + 5 - (2 + 1)
-3
Calculate -231 + 236 + (70 - (-5 - -9 - 6)).
77
What is the value of -2 - (12 + 0) - (7 - 28)?
7
Calculate -5 - (9 + (-3 - (4 + -9))) - (54 + -57).
-13
Calculate -14 - (-29 - (-71 - -76)).
20
(18 - (62 - 59)) + -20 + -1
-6
What is the value of (-14 + 2 - 22 - 13) + -1 + 8?
-40
What is (-5 - 9) + (-91 - -10) + 95?
0
Calculate 43 + -36 + 105 + -140.
-28
(3 + (3 - 4) - -1) + 222 + -172 - 3
50
Calculate -1 - (-11 - 10) - 4 - (-18 + 104).
-70
What is the value of (-158 - -2) + -144 + 170 + 31?
-99
Evaluate (106 + -114 - (-20 - 0)) + -2 - 2.
8
Evaluate -3 + (12 - (-37 - (-14 - (-32 - (3 - 10))))).
57
What is -30 + 21 + -15 + -7 + 14?
-17
104 + 91 + -72 + -106
17
40 - 34 - (2 + 69) - (-3 + -4 + 10)
-68
2 - (1 + 3 + -3) - 8 - (1293 + -1231)
-69
0 + 6 - (28 + 8 + -55)
25
What is 8 + (16 + (-26 - -8) - 113) + -2?
-109
Calculate (0 - 11) + -20 + 19 + -4 + -2.
-18
121 + -191 - -38 - (-2 + -38)
8
What is -75 + -3 + (26 - (36 + -28))?
-60
What is the value of -3 + -5 + 97 + 9 + (11 + -45 - -18)?
82
What is the value of (23 + 1 - -5) + 60 + -160?
-71
What is the value of -73 - (13 + 5 + -13 + 0 + -4)?
-74
What is the value of 14 - ((-1 - 10 - (-67 + 60)) + 6)?
12
-29 + 59 + -9 + -4 + 3 - 120
-100
What